at are the prime factors of v?
3, 41
Let k = -16 - -16. Suppose 2*q = 4 - 2, -h - 5*q + 122 = k. List the prime factors of h.
3, 13
Suppose -9 = -2*r + 5*r. Let k(j) be the first derivative of -j**3/3 - 5*j**2/2 + 4*j - 28. List the prime factors of k(r).
2, 5
Suppose 0 = -3*h - h + 3*p + 121, -91 = -3*h + 2*p. Let d = h - 23. List the prime factors of d.
2
Suppose -8*d = 17*d - 36150. What are the prime factors of d?
2, 3, 241
Let n be 34*3/30 + 15/25. Suppose -1000 = -n*t - 2*b, -41 = -t - 4*b + 195. What are the prime factors of t?
2, 3, 7
Let m(l) = -l**2 + 14*l + 9. Let w be m(14). Let o = w - 15. List the prime factors of 9 + -4*(-3)/o.
7
Let d be 177/(-18) + 8/(-48). What are the prime factors of (5 - (-255)/d)/(2/(-4))?
41
Suppose 3*q - 2586 = -939. What are the prime factors of q?
3, 61
Let c(g) = -g**2 - 16*g - 17. Let j be c(-12). Let u = 5 - j. Let i = 42 + u. List the prime factors of i.
2
Suppose 4*d - 671 = -4*q + 1625, -2 = 2*q. What are the prime factors of d?
5, 23
Let r be (-1)/3 - (-14)/6. Suppose r = 2*q - 2, 5*n = -2*q + 29. Suppose 0 = 4*t + n*x - 185, -4*t = -0*x - 5*x - 135. What are the prime factors of t?
2, 5
Suppose 2*n + 2 = 0, -4*n = -5*i - n + 73. List the prime factors of i.
2, 7
Let b(m) be the first derivative of m**2/2 + 5*m + 4. Let g be b(0). Suppose -3*d = -0*d - j - 128, 0 = 3*d - g*j - 148. List the prime factors of d.
41
Suppose 5*o - 353 = -y, -5*o - 5*y + 9*y = -338. Let x = -95 + 60. Let h = o + x. What are the prime factors of h?
5, 7
Suppose -2*u - 5 + 13 = 0. Let t = u + 2. List the prime factors of t.
2, 3
Let f(b) = 26*b**2 + 3*b - 32. What are the prime factors of f(5)?
3, 211
Let p = 749 + -438. Suppose 4*z - 4*g - 312 = 0, 3*g + p = 4*z - 2*g. What are the prime factors of z?
79
Suppose -22 = -p - 3. Suppose 0*u = -2*u - f + p, -2*f = -6. Suppose -250 = -4*r + 3*x, -4*r + u*r - 254 = x. What are the prime factors of r?
2
Let j(v) = v**3 + 6*v**2 - 4*v + 2. Let n be j(-6). Let i = -56 + n. What are the prime factors of i*(1 - 0)/(-1)?
2, 3, 5
Suppose 707*s = 694*s + 897. What are the prime factors of s?
3, 23
Let n = 695 + -373. Suppose 0*g = 5*g - 2*x - 389, -2*x = 4*g - n. What are the prime factors of g?
79
Let q(i) = -i**2 - 9*i + 12. Let l = 9 - 19. Let o be q(l). Suppose 0*z = -z - o*f + 12, -f = 0. What are the prime factors of z?
2, 3
What are the prime factors of (10 - 1)/(2 + 1489/(-746))?
2, 3, 373
Let l be 7/(-2)*48/(-28). What are the prime factors of (l/(-24))/((-1)/164)?
41
Suppose d - 3*s = 752, 0*s + 1504 = 2*d + 5*s. What are the prime factors of d?
2, 47
Suppose -3*w + 0*p - 2*p + 7 = 0, w + 4*p = -11. Suppose -50 = 4*r - 2*q - 172, w*q = -15. Suppose -28*z + r*z - 6 = 0. What are the prime factors of z?
2, 3
Let q = 55 - 91. Let d = -21 - q. List the prime factors of d.
3, 5
Let k(t) = 7*t**3 + 2*t**2 + 8*t - 7. List the prime factors of k(3).
2, 7
Let o be 2/(-3) - 1192/(-24). Let g = o + 31. What are the prime factors of g?
2, 5
List the prime factors of (-10 - (-528)/55)*-425.
2, 5, 17
Let p(r) = -130*r - 282. What are the prime factors of p(-6)?
2, 3, 83
Suppose -2*b - 1067 = 5*c, 2*b - 1083 = 5*c - 0*c. Let u = -57 - c. What are the prime factors of u?
2, 79
Let l(i) = 172*i - 165. List the prime factors of l(4).
523
Let j(v) = -351*v - 55. List the prime factors of j(-5).
2, 5, 17
Suppose 296 - 88 = 2*b. What are the prime factors of (-78)/b*(-2 + 0 - 46)?
2, 3
Suppose 0 = -4*r + 4 + 8. Suppose -77 = -r*f - 4*p, 5*p - 40 - 33 = -3*f. What are the prime factors of f?
31
Let n = 232 - 79. List the prime factors of n.
3, 17
Suppose -9*j + 181 = 1. What are the prime factors of j?
2, 5
Suppose 0 = -12*c - 4*c + 11984. List the prime factors of c.
7, 107
Suppose 12*k + 27 = -9. Let u(l) = -1 - 2*l - l + l. What are the prime factors of u(k)?
5
List the prime factors of (-4961)/(-7) + 4/14.
709
Suppose 6*o = o + 1725. What are the prime factors of o?
3, 5, 23
Suppose 0*b - 5*b - 5*a - 55 = 0, 0 = -3*b + 2*a - 8. Let x be b/1 - -2*1. List the prime factors of (-17)/(-1) - (-4)/x.
2
Let h = -952 + 2015. List the prime factors of h.
1063
Suppose -3*q + 12 = 0, -7 - 6 = -r - 2*q. Suppose -r*b + m = -1418, -3*m = 2*b - 0*b - 557. What are the prime factors of b?
283
Let a(r) = -r**2 - 7*r - 2. Let m be a(-6). Let d(t) = 4*t**3 - 10*t**2 + 6*t - 3. List the prime factors of d(m).
3, 13
Let t(i) = -i**2 + 2*i - 6. Let h(v) = v**2. Let m(x) = 4*h(x) - t(x). List the prime factors of m(-4).
2, 47
Let n be -1 + (18 + -4)*(-4)/(-14). Suppose 5*i = -0*t + n*t + 655, t = 0. List the prime factors of i.
131
Suppose 77*d = 84*d - 4179. List the prime factors of d.
3, 199
Let n be (-1 - 1)*3/(-2). Suppose 4*v - n = 341. List the prime factors of v.
2, 43
Let l(s) = 19*s + 2. Let w(v) = v + 9. Let a be w(-8). Let d be l(a). Let k = 9 + d. List the prime factors of k.
2, 3, 5
Let k be (18/(-3))/((-4)/(-10)). Let x(s) = -s. Let z be x(k). Suppose v + 3*d - 33 = 0, 2*d = v - d - z. List the prime factors of v.
2, 3
Let w(l) = l**3 - 36*l**2 - 10*l + 87. What are the prime factors of w(38)?
3, 5, 173
Let o(p) = -56*p - 21. Let t be o(-13). Suppose 5*c - t = -2*r, 7*c + r - 568 = 3*c. What are the prime factors of c?
11, 13
Let o = 763 - 163. What are the prime factors of o?
2, 3, 5
Suppose -3*t + 2645 = 4*b, 3*t - b = 1466 + 1154. What are the prime factors of t?
5, 7
Let m be (3/6 - 1)*-6. Suppose m*f - 4 = 4*f, 5*n - 5*f = 15. What are the prime factors of ((-3)/(-3))/(n/(-37))?
37
Suppose 1556 + 2200 = 6*i. What are the prime factors of i?
2, 313
Suppose -d - 7*r + 3*r - 4 = 0, 0 = 5*d - 3*r + 66. Let n = d + 16. Suppose -5*y + n = -76. List the prime factors of y.
2
Suppose 638*t - 641*t + 243 = 0. List the prime factors of t.
3
Let d be (-3)/(-2)*(-200)/6. Let w = -134 + 121. Let a = w - d. What are the prime factors of a?
37
Suppose 70 = -2*i - q, 175 = -5*i - 5*q + 9*q. Let k = i - -116. What are the prime factors of k?
3
Suppose 6*b = -2*i + 4*b + 1494, -5*b - 1515 = -2*i. List the prime factors of i.
2, 3, 5
Let j be ((-27)/(-12))/((-6)/(-2776)). Suppose 0 = 3*g + 15, -4*c + j = -3*g - 2*g. What are the prime factors of c?
2, 127
Let g = -91 + 87. What are the prime factors of -2*g/(-4)*-38?
2, 19
Suppose -3*k - 245 = -83. Let d = -38 - k. What are the prime factors of d?
2
Suppose 3*a = d - 672, -2*d + 3*a + 1328 + 28 = 0. List the prime factors of d.
2, 3, 19
Let q(t) = -7*t**3 - 15*t**2 - 19*t + 26. Let b(i) = -11*i**3 - 22*i**2 - 28*i + 39. Let u(l) = -5*b(l) + 8*q(l). List the prime factors of u(-10).
7, 19
Suppose v = -4*v + 10, 0 = 3*x - 5*v - 5. Let c be 20/(-14) - ((-33)/(-21) - 1). Let k = c + x. List the prime factors of k.
3
Let u(y) = y**3 + 4*y**2 - 4*y - 1. Let t(q) = q**2 - 3*q + 5. Let v be t(3). Suppose 0 = 2*w + v + 3. List the prime factors of u(w).
3, 5
What are the prime factors of 1376/2 + 5 + 3 + -8?
2, 43
Let n = -644 + 2695. List the prime factors of n.
7, 293
Let y = -1620 - -2315. What are the prime factors of y?
5, 139
Suppose -25*f = -11003 - 8847. What are the prime factors of f?
2, 397
Suppose -26 = -5*m + 234. Let u = m - -9. List the prime factors of u.
61
Suppose 5*y + 127 = 442. Suppose 2*t + 7 = 3*g + y, 2*t = -2*g + 56. List the prime factors of t.
2, 7
Let v be -4*(0 + -1) + (-21)/7. List the prime factors of v/(-3 + (-423)/(-138))*3.
2, 23
Let z be 45/5*8/6. Suppose 0*m - 9 = -3*m. Suppose -a + 4*a + z = s, -m*a - 9 = 0. List the prime factors of s.
3
Let a(l) = 2*l**2 + 6*l - 221. What are the prime factors of a(51)?
17, 311
Let p(m) = -2*m**3 - 11*m**2 + 14*m + 1. Let n(l) = 3*l**3 + 16*l**2 - 21*l - 1. Let f(c) = -5*n(c) - 7*p(c). What are the prime factors of f(-6)?
2
Let b(j) = j**3 - 2*j + 3. Let u be b(2). Suppose -3*n + 6 = 6*a - 4*a, -u = -3*a - 5*n. What are the prime factors of -2*(-3)/(a/33)?
2, 11
Let n(x) = 39*x - 18. Let d(k) = -2*k**2 - k - 1. Let c be d(-2). Let m(b) = -13*b + 6. Let l(t) = c*m(t) - 2*n(t). What are the prime factors of l(4)?
2, 23
Suppose -4*a - 808 = -3*j, -9*j + 7*j + 3*a + 538 = 0. List the prime factors of j.
2, 17
Let w = 751 + -453. List the prime factors of w.
2, 149
Suppose -t = -5*v, 4*v = -5*t + 26 + 3. Suppose -3*z + 14 = d, -t*d - 2*z = -0*d - 18. Suppose -d*j = -5*j + 144. What are the prime f